mber?
False
Is 11851 a prime number?
False
Is 116579 a composite number?
False
Is 1399 composite?
False
Is 3251 prime?
True
Is 4179361 a composite number?
False
Is 749 composite?
True
Is 212183 a prime number?
True
Is 60141 a composite number?
True
Is 325363 a prime number?
False
Is 386 a prime number?
False
Is 28277 a prime number?
True
Is 54037 prime?
True
Is 10537 composite?
True
Is 1367 prime?
True
Is 2429 a prime number?
False
Is 174358 a prime number?
False
Is 32869 a prime number?
True
Is 8513 prime?
True
Is 1326929 prime?
True
Is 503387 prime?
False
Is 3137 a prime number?
True
Is 6789617 prime?
True
Is 451 a prime number?
False
Is 184571 a composite number?
False
Is 7737 prime?
False
Is 764183 composite?
True
Is 18215 composite?
True
Is 538861 composite?
True
Is 398659 a prime number?
False
Is 234833 composite?
False
Is 9661 prime?
True
Is 1356958 a composite number?
True
Is 1879 composite?
False
Is 795017 a prime number?
False
Is 709493 a composite number?
True
Is 913 composite?
True
Is 3685519 a prime number?
True
Is 33679 a prime number?
True
Is 101399 a prime number?
True
Is 90053 a composite number?
False
Is 3793 a prime number?
True
Is 421679 composite?
True
Is 485603 prime?
True
Is 7993 a prime number?
True
Is 108802 a composite number?
True
Is 5873 prime?
False
Is 7441763 composite?
True
Is 131129 prime?
True
Is 2261981 prime?
False
Is 317103 a prime number?
False
Is 92923 a prime number?
False
Is 137177 a prime number?
True
Is 800383 a composite number?
True
Is 124861 a composite number?
True
Is 52501 composite?
False
Is 247153 a prime number?
False
Is 45946 a composite number?
True
Is 184751 composite?
True
Is 48299 a prime number?
True
Is 117057 a composite number?
True
Is 49409 a prime number?
True
Is 208099 a composite number?
False
Is 13799 prime?
True
Is 901 prime?
False
Is 396137 a composite number?
True
Is 8651 composite?
True
Is 5261 composite?
False
Is 36341 composite?
False
Is 5504899 a prime number?
True
Is 41081 composite?
False
Is 5227 composite?
False
Is 23957 prime?
True
Is 103798 a prime number?
False
Is 17377 a composite number?
False
Is 6362 prime?
False
Is 77969 composite?
False
Is 384955 prime?
False
Is 5939 a composite number?
False
Is 29615 a prime number?
False
Is 29231 composite?
False
Is 238961 prime?
False
Is 6609 composite?
True
Is 52361 a prime number?
True
Is 12571 a prime number?
False
Is 126781 a composite number?
False
Is 97259 prime?
True
Is 5449 composite?
False
Is 156443 composite?
True
Is 520529 a composite number?
False
Is 19711 prime?
False
Is 241757 a composite number?
True
Is 113821 a prime number?
False
Is 359501 prime?
True
Is 1615781 a composite number?
False
Is 70271 composite?
False
Is 122069 composite?
False
Is 107063 a prime number?
False
Is 8597 a composite number?
False
Is 2019 a prime number?
False
Is 903803 a composite number?
False
Is 44159 composite?
False
Is 1801 prime?
True
Is 5261 a composite number?
False
Is 263 a composite number?
False
Is 116209 a composite number?
True
Is 510083 a prime number?
False
Is 1637 a composite number?
False
Is 646151 prime?
False
Is 2747 a composite number?
True
Is 107753 a prime number?
False
Is 10247 composite?
False
Is 399363 prime?
False
Is 67121 a composite number?
False
Is 220121 prime?
False
Is 122253 a prime number?
False
Is 1882 composite?
True
Is 180787 a prime number?
False
Is 18007 a composite number?
True
Is 532309 a prime number?
False
Is 565795 a prime number?
False
Is 2477 prime?
True
Is 163 a prime number?
True
Is 67033 a prime number?
True
Is 24391 prime?
True
Is 112297 composite?
False
Is 493 a composite number?
True
Is 154631 a composite number?
True
Is 31829 composite?
True
Is 429878 prime?
False
Is 1651 prime?
False
Is 32541 a composite number?
True
Is 3569 a prime number?
False
Is 245351 composite?
True
Is 265451 a composite number?
False
Is 11213 a composite number?
False
Is 203539 a prime number?
False
Is 1553 prime?
True
Is 149191 composite?
True
Is 7321 a composite number?
False
Is 574247 a prime number?
False
Is 1399861 a composite number?
False
Is 1189 prime?
False
Is 493 a prime number?
False
Is 13019 a prime number?
False
Is 2707 a prime number?
True
Is 5218 composite?
True
Is 158113 a prime number?
True
Is 397253 a prime number?
True
Is 923 composite?
True
Is 223 a composite number?
False
Is 67591 prime?
False
Is 357503 a composite number?
False
Is 4413 composite?
True
Is 146009 a prime number?
True
Is 691531 prime?
True
Is 3173 a prime number?
False
Is 3941 composite?
True
Is 1847 a prime number?
True
Is 14923 prime?
True
Is 15727 a prime number?
True
Is 23887 prime?
True
Is 1039 a prime number?
True
Is 19289 a composite number?
False
Is 388083 composite?
True
Is 296026 composite?
True
Is 580471 a composite number?
False
Is 827677 composite?
False
Is 93745 a composite number?
True
Is 3719 composite?
False
Is 5003 a composite number?
False
Is 13429 composite?
True
Is 2378107 composite?
False
Is 126593 composite?
True
Is 1213 composite?
False
Is 732367 a prime number?
False
Is 5969 a prime number?
False
Is 12451 a prime number?
True
Is 2205581 a prime number?
False
Is 29123 a composite number?
False
Is 166517 a composite number?
True
Is 204937 composite?
True
Is 4299 prime?
False
Is 1589443 a composite number?
False
Is 29993 composite?
True
Is 169679 prime?
False
Is 28123 composite?
False
Is 2038103 a composite number?
False
Is 1073 prime?
False
Is 10786 a prime number?
False
Is 1492327 a composite number?
True
Is 1567901 prime?
True
Is 10559 composite?
False
Is 54958 a prime number?
False
Is 423191 a composite number?
False
Is 19861 a prime number?
True
Is 18329 a composite number?
False
Is 20143 a prime number?
True
Is 61253 composite?
False
Is 4391 prime?
True
Is 13499 a prime number?
True
Is 72307 a composite number?
False
Is 6377 a prime number?
False
Is 94273 prime?
True
Is 153347 a prime number?
False
Is 1072171 composite?
True
Is 17519 composite?
False
Is 1781 a prime number?
False
Is 760691 composite?
True
Is 39499 prime?
True
Is 2688787 a composite number?
False
Is 1339 prime?
False
Is 844999 composite?
False
Is 240763 prime?
True
Is 59693 composite?
False
Is 1168591 composite?
True
Is 164729 a prime number?
True
Is 16787 a prime number?
True
Is 2705 prime?
False
Is 665531 a prime number?
False
Is 110213 a prime number?
False
Is 79159 prime?
True
Is 24487 prime?
False
Is 466329 prime?
False
Is 71503 a composite number?
False
Is 93827 prime?
True
Is 24499 composite?
False
Is 273881 composite?
False
Is 19841 a prime number?
True
Is 3109 a prime number?
True
Is 98041 prime?
True
Is 1759 a prime number?
True
Is 27887 prime?
False
Is 279173 a prime number?
True
Is 853 prime?
True
Is 1126537 a composite number?
False
Is 55983 composite?
True
Is 73277 a composite number?
False
Is 6241 composite?
True
Is 132293 prime?
False
Is 88583 prime?
False
Is 5051 composite?
False
Is 1094237 a prime number?
True
Is 15927 a prime number?
False
Is 14813 composite?
False
Is 26903 a prime number?
True
Is 1657 composite?
False
Is 44615 composite?
True
Is 218699 composite?
True
Is 6257 prime?
True
Is 352757 composite?
False
Is 23207 prime?
False
Is 1657 prime?
True
Is 1493683 a composite number?
False
Is 1195 a composite number?
True
Is 1533221 composite?
False
Is 5637 a prime number?
False
Is 46477 composite?
False
Is 175391 a composite number?
False
Is 20413 a prime number?
False
Is 467431 a prime number?
True
Is 112657 a prime number?
True
Is 123223 a composite number?
True
Is 168859 a prime number?
False
Is 390205 a prime number?
False
Is 346699 a composite number?
False
Is 4981 a prime number?
False
Is 124897 a prime number?
True
Is 15346 prime?
False
Is 1258451 a composite number?
False
Is 7781 a prime number?
False
Is 46219 composite?
False
Is 10421 prime?
False
Is 102643 a prime number?
True
Is 532135 a prime number?
False
Is 4763 prime?
False
Is 17357 a prime number?
False
Is 43853 composite?
False
Is 201103 prime?
False
Is 84121 prime?
True
Is 49103 composite?
False
Is 1211 composite?
True
Is 354727 prime?
True
Is 338179 prime?
False
Is 9533 composite?
False
Is 24997 composite?
True
Is 6803 a prime number?
True
Is 604357 prime?
False
Is 54854 a prime number?
False
Is 5981 composite?
False
Is 56591 a prime num